.
22
What is the greatest common divisor of 10 and 12105?
5
Calculate the highest common factor of 4277 and 707.
7
What is the highest common divisor of 1395 and 1575?
45
Calculate the greatest common factor of 730 and 80811.
73
What is the greatest common divisor of 124995 and 10023?
39
What is the highest common factor of 486764 and 584?
292
Calculate the highest common factor of 12502 and 399.
133
What is the highest common factor of 187315 and 20?
5
What is the highest common divisor of 1728 and 468672?
192
Calculate the highest common factor of 59104 and 2976.
32
Calculate the greatest common divisor of 20729 and 718969.
1091
What is the highest common factor of 6721 and 11869?
143
Calculate the highest common divisor of 4712 and 3968.
248
Calculate the greatest common factor of 159442 and 58.
58
Calculate the highest common divisor of 920 and 140852.
92
What is the highest common divisor of 1385 and 322705?
1385
What is the highest common divisor of 67368 and 440298?
2406
What is the highest common divisor of 323 and 196537?
17
What is the greatest common factor of 100623 and 102?
51
What is the highest common factor of 279 and 10509?
93
Calculate the greatest common divisor of 408 and 184824.
408
What is the highest common factor of 2700 and 39420?
540
Calculate the greatest common factor of 1281 and 26103.
21
Calculate the highest common divisor of 16506 and 8.
2
Calculate the greatest common factor of 682 and 6886.
22
What is the highest common divisor of 135182 and 22618?
526
What is the highest common factor of 9175 and 575?
25
What is the greatest common divisor of 164604 and 14355?
957
What is the greatest common factor of 19363 and 201?
67
What is the highest common factor of 2991 and 4?
1
Calculate the highest common divisor of 1039575 and 225.
75
What is the highest common factor of 180980 and 110?
10
What is the greatest common factor of 432 and 2256?
48
What is the greatest common factor of 201279 and 468?
39
Calculate the highest common divisor of 874223 and 497.
497
What is the highest common factor of 124 and 1318895?
31
What is the greatest common factor of 975 and 3757?
13
What is the greatest common divisor of 3979 and 1211?
173
Calculate the greatest common factor of 740 and 1076330.
370
What is the highest common factor of 26 and 581126?
26
What is the greatest common factor of 1191 and 393?
3
What is the greatest common factor of 16 and 9905456?
16
What is the highest common factor of 195188 and 28?
28
Calculate the highest common divisor of 213240 and 30.
30
Calculate the greatest common divisor of 19234 and 3586.
326
What is the greatest common divisor of 13559 and 2912?
91
Calculate the greatest common divisor of 2472 and 7041492.
1236
Calculate the greatest common divisor of 1407554 and 18194.
1654
Calculate the highest common factor of 1420 and 8561180.
1420
Calculate the highest common factor of 13607 and 147203.
1237
Calculate the highest common divisor of 22872 and 16.
8
Calculate the greatest common divisor of 77 and 749.
7
Calculate the highest common factor of 20 and 315690.
10
What is the greatest common divisor of 119 and 1439407?
17
What is the greatest common divisor of 87352 and 34010?
358
What is the greatest common divisor of 2125 and 85357?
17
Calculate the greatest common factor of 448 and 288064.
448
Calculate the greatest common factor of 222 and 1374.
6
What is the highest common divisor of 48389 and 415?
83
Calculate the highest common factor of 29321 and 1199.
109
What is the highest common divisor of 28760 and 280?
40
What is the greatest common factor of 854 and 12322?
122
Calculate the greatest common divisor of 3289 and 1495.
299
What is the highest common factor of 1144 and 71720?
88
What is the greatest common factor of 15260 and 23940?
140
Calculate the highest common divisor of 27153 and 693.
63
Calculate the greatest common divisor of 138 and 1325628.
138
Calculate the highest common factor of 216176 and 272.
16
Calculate the greatest common factor of 1256 and 944983.
157
What is the greatest common divisor of 3466308 and 2220?
444
What is the greatest common factor of 1322 and 12?
2
Calculate the greatest common factor of 47264 and 1456.
112
What is the highest common divisor of 425 and 59347?
17
Calculate the highest common factor of 132 and 4358002.
22
What is the greatest common factor of 8 and 67516?
4
Calculate the highest common factor of 4843 and 9947.
29
Calculate the highest common factor of 120009 and 52848.
1101
What is the greatest common divisor of 8163896 and 13?
13
What is the greatest common factor of 2904 and 59070?
66
Calculate the highest common divisor of 731 and 14276.
43
Calculate the highest common factor of 304 and 1373377.
19
Calculate the highest common divisor of 1386 and 4746.
42
What is the greatest common divisor of 41 and 5022541?
41
What is the greatest common divisor of 512259 and 5676?
1419
What is the highest common divisor of 168 and 197680?
56
What is the greatest common factor of 17385 and 60695?
305
Calculate the greatest common divisor of 3655 and 4945.
215
Calculate the greatest common factor of 78667 and 194.
97
What is the greatest common factor of 490 and 225610?
70
What is the highest common divisor of 2592 and 5166?
18
Calculate the highest common divisor of 21915 and 180.
45
What is the highest common divisor of 69874 and 1564?
46
What is the highest common divisor of 1885922 and 94?
94
Calculate the highest common divisor of 88 and 15378.
22
Calculate the highest common factor of 16456 and 1105.
17
What is the highest common factor of 10935 and 14661?
81
What is the greatest common divisor of 1 and 73891?
1
Calculate the greatest common factor of 105 and 987.
21
What is the greatest common factor of 10627449 and 42?
21
What is the greatest common divisor of 162 and 164673?
81
Calculate the greatest common divisor of 155573 and 11.
11
Calculate the highest common divisor of 34566 and 24.
6
What is the greatest common divisor of 1935 and 141470?
215
What is the highest common divisor of 1368 and 191349?
171
Calculate the highest common divisor of 179548 and 12.
4
What is the greatest common factor of 330 and 283690?
110
What is the greatest common factor of 27 and 12123?
27
What is the greatest common divisor of 531 and 1347?
3
Calculate the greatest common factor of 4096 and 296.
8
Calculate the greatest common divisor of 15174 and 62663.
281
What is the highest common divisor of 33405 and 1703?
131
Calculate the greatest common factor of 128 and 931472.
16
Calculate the greatest common factor of 432 and 192768.
48
What is the greatest common factor of 1806590 and 680?
170
Calculate the highest common divisor of 200 and 289400.
200
Calculate the greatest common divisor of 189895 and 15611.
233
What is the greatest common factor of 1830979 and 799?
47
What is the greatest common divisor of 7241 and 25622?
557
Calculate the highest common divisor of 810 and 13410.
90
What is the highest common factor of 3249 and 7866?
171
What is the greatest common divisor of 47282 and 67402?
1006
What is the highest common divisor of 7194 and 8646?
66
What is the highest common divisor of 21 and 235382?
7
What is the greatest common factor of 68 and 205428?
68
Calculate the greatest common divisor of 54 and 461574.
18
Calculate the greatest common factor of 165 and 580.
5
Calculate the greatest common divisor of 357976 and 464.
232
What is the greatest common divisor of 6177 and 5220?
87
What is the greatest common divisor of 19 and 174287?
19
Calculate the highest common factor of 3940150 and 100.
50
Calculate the greatest common divisor of 45 and 1341.
9
Calculate the highest common divisor of 8 and 31064.
8
Calculate the greatest common factor of 90967 and 51.
17
Calculate the greatest common factor of 3068 and 1652.
236
Calculate the highest common divisor of 83622 and 63.
21
What is the greatest common divisor of 465 and 13175?
155
Calculate the highest common factor of 81865 and 35.
35
What is the greatest common divisor of 68 and 2610860?
68
Calculate the greatest common factor of 1816 and 76.
4
Calculate the greatest common factor of 244128 and 96.
96
Calculate the greatest common factor of 197372 and 1596.
532
Calculate the highest common 